and j.
49
Let s(z) = z + 53. Suppose -12*r + 16*r = -32. Let w be s(r). What is the greatest common factor of 5 and w?
5
Let i be 91/(-56) - (-24)/(-64). Let p be (14/(-63) + 956/(-72))*i. Let f = 41 - 23. Calculate the highest common factor of f and p.
9
Let y = 237 - 209. Suppose y*x - 5363 - 125 = 0. Calculate the highest common factor of 56 and x.
28
Let a = 19 - 23. Let i be (-7 - (64 - a))/((-3)/2). Calculate the greatest common factor of i and 2.
2
Suppose -2*k - 3*g = -179, 4*g = -13 + 1. What is the highest common factor of k and 423?
47
Let j(m) = -2*m**2 + 240*m - 5982. Let x be j(41). What is the greatest common divisor of x and 2728?
248
Suppose 420 = -6*s + 11*s. Suppose 27*h = 30*h - s. What is the greatest common divisor of 70 and h?
14
Let i = 918 - -785. What is the greatest common factor of 393 and i?
131
Let c = 8421 - 8370. Suppose 3*p - p = 34. Calculate the greatest common divisor of p and c.
17
Suppose 0 = 3*g - 24 + 12. Let v(u) = -4*u + u**2 - g + u + u**2 + 6. Let s be v(1). Calculate the greatest common factor of s and 11.
1
Suppose 17*d + 5*z = 12*d + 70, 3*d = 5*z + 74. What is the greatest common factor of d and 42?
6
Suppose 294 = -7*x - 1253. Let t = -188 - x. What is the greatest common factor of t and 33?
33
Let q be 6*24/36 + 16/2. Calculate the greatest common factor of q and 1284.
12
Suppose -78 = -1600*x + 1595*x + h, 5*x - 4*h - 87 = 0. Calculate the highest common divisor of 6 and x.
3
Let n = 10 + -2. Let x be 40 + -31 + (-91)/(-7). Let v be x/13*71 + n/(-52). What is the greatest common factor of v and 15?
15
Suppose -400*x - 3*v = -404*x + 1969, 1951 = 4*x + 3*v. What is the greatest common divisor of 10 and x?
10
Let c(i) = 235*i + 19. Let k(t) = 822*t + 66. Let v(y) = -18*c(y) + 5*k(y). Let f be v(-1). Calculate the highest common divisor of 27 and f.
27
Let v = -56401 - -56461. Let w = 695 + -305. Calculate the highest common divisor of v and w.
30
Let p = -4248 + 4457. Calculate the highest common factor of p and 608.
19
Suppose 0 = n + 16 + 103. Let a = n - -121. Suppose 60 + 10 = 5*y. Calculate the greatest common divisor of y and a.
2
Let g be ((-8)/5)/(((-30)/500)/((-12)/(-5))). Calculate the highest common divisor of g and 2048.
64
Let p(y) = 24*y**2 - 808*y - 1610. Let u be p(-2). Calculate the greatest common factor of 39678 and u.
102
Let r = -160 + 165. Let i(v) = 3*v**2 + v - 24. Let f be i(r). Calculate the highest common divisor of f and 504.
56
Suppose -132*s = -4627 + 1855. What is the highest common divisor of s and 357?
21
Let p = 2 + 2. Suppose 303 + 313 = p*c. Let d(j) = -j**3 + 14*j**2 + 26*j - 151. Let m be d(15). Calculate the highest common divisor of c and m.
14
Suppose 4*w - 31*v + 27*v - 3412 = 0, 4*w - 3356 = -3*v. What is the greatest common factor of 1040 and w?
65
Let m(s) = s**3 - 20*s**2 + 20*s - 18. Let y be m(19). Let c be y/(1 - 20/22). Let h = c - -37. Calculate the highest common factor of h and 6.
6
Suppose 10*t + 22 = 4*r + 11*t, -27 = -5*r - t. Let g be 40/(6 + -5) - (r - 2). Calculate the greatest common divisor of 555 and g.
37
Let t(x) = 46*x + 1. Let y be t(1). Let h be -1*-1*y + -2. Suppose 4*b - 4*o - 54 = 3*b, 3*o = 3*b - 81. Calculate the greatest common divisor of b and h.
9
Let y = -78 + 75. Let u be 3/y + 1 + 6. Suppose h + 3*h = 8. Calculate the highest common factor of u and h.
2
Suppose -30*o + 1308160 = 5*o. Suppose 23*v - o = -11708. Calculate the greatest common divisor of v and 18.
18
Suppose 15 = -4*b + 3*m, -4*b - 9 = -m + 4. Let d be -2 + b - 212/(-4). What is the highest common divisor of 64 and d?
16
Let d = 212 + -372. Let u = 163 + d. What is the highest common divisor of 27 and u?
3
Let q be (-5962)/(-7) - (1100/154)/(-25). Calculate the greatest common divisor of 48 and q.
12
Let i = -37958 - -38438. Calculate the greatest common divisor of 130 and i.
10
Let x(a) = -61*a + 7. Let f be x(-5). Let k be (-297)/18*((-56)/12 + 4). Suppose -k*r = -21*r + 390. Calculate the highest common divisor of f and r.
39
Let m = -808 - -1304. Suppose -4 = s + 4*y - 18, -5*s - 4*y = -22. Suppose -s*h + 2 = 0, -m = -3*t - 2*t - h. What is the highest common divisor of t and 9?
9
Let z = 88 + -15. Suppose 5*j = 5, -4*j - 22 = -3*c + z. What is the highest common divisor of 297 and c?
33
Suppose -g + 42*f - 44*f = -13, g = 2*f + 5. Suppose -6*z + z - 2*q = 194, 2*z - 5*q = -95. Let k = z - -76. What is the highest common divisor of k and g?
9
Let u = 261 + -180. Suppose -3*h - 8*m = -13*m - 47, h + 7 = -4*m. Calculate the highest common factor of h and u.
9
Let y be -439 + -4 + 5 + -3 + 2. Let g = y + 619. Let d = -100 + g. Calculate the greatest common divisor of d and 32.
16
Let r be 20/(-90) - 6/(-27). Suppose -5*a + 4*u + 117 = 0, 2*a = -r*a + u + 45. What is the greatest common divisor of a and 14?
7
Let c = 2003 - 1354. What is the greatest common factor of 944 and c?
59
Suppose -43*p + 4*u - 1324 = -45*p, 2*p + u = 1330. Let c = 981 - p. What is the highest common factor of 35 and c?
35
Suppose 0 = 3*t - 11 - 19. Let g be ((-376)/40)/(-1) + 6/t. Let w be (112/(-21))/(g/6 - 2). Calculate the greatest common factor of w and 8.
8
Let g be 1/3*612/(4/1). Let s = -9 - g. Let u = -25 - s. What is the greatest common factor of 14 and u?
7
Let h(q) = -14*q**3 - 2*q**2 - 20*q + 42. Let d be h(2). Let j = d + 136. What is the greatest common factor of j and 153?
9
Let w(q) = 11*q + 378. Let v be w(-34). Suppose p = 4*a - p - 140, 0 = 2*p + v. Calculate the greatest common divisor of a and 51.
17
Suppose 164*b - 162*b + 12 = 0, 42 = 2*w - 5*b. Calculate the highest common factor of 106 and w.
2
Let v be (8327/(-22) + -5)/(4/(-56)). What is the highest common divisor of v and 182?
91
Suppose -80835 = 1649*k - 1666*k. Calculate the highest common divisor of k and 60.
15
Suppose 0 = -4*y + 3*w + 263, -15 - 50 = -y + w. Calculate the greatest common factor of 1836 and y.
68
Let a(r) = 78*r + 818. Let d be a(-10). Calculate the highest common factor of 12141 and d.
19
Suppose -2*n = -6*n. Let v(u) = -u + 26. Let i be v(23). Suppose 5*p + i*t + 14 - 38 = n, 2*p + t - 10 = 0. Calculate the greatest common factor of 2 and p.
2
Let d be (-7)/28 + 4/16 - -448. Suppose 38*n = 52*n - d. Calculate the greatest common factor of 224 and n.
32
Suppose -2*g - 4*m + 14 = -56, 4*g + m - 161 = 0. Let q = g - 7. Suppose -v + 5*n = -18, -3*v = 2*n + 3*n - q. What is the greatest common divisor of 1 and v?
1
Suppose -10*z + 283 = -397. Suppose 5*d = -3*p + 1882, 8*p - 3*p = -4*d + 1516. What is the highest common factor of d and z?
34
Let i = -1595 - -1731. What is the highest common divisor of i and 1462?
34
Let d be 24*((-24)/9)/(-8). What is the greatest common factor of 23512 and d?
8
Suppose 4*w + 88 = -2*y - 6, -4*w = -y + 85. Let v be w/(-1) + (-8 - -1 - -9). What is the highest common factor of v and 60?
12
Let f be -3*10/18 + 3008/48. What is the highest common divisor of 3233 and f?
61
Let q(u) = -68*u + 3902. Let a be q(57). Calculate the highest common factor of 6266 and a.
26
Let l(c) = c**2 - 16*c + 19. Let u be l(16). Let z(r) = 35 - r**2 - 21 + 8*r - u. Let g be z(3). Calculate the greatest common divisor of g and 100.
10
Suppose -5*d - 1 = -6*d, 0 = -2*q + d + 65. Suppose 0 = 499*a - 495*a - 396. Calculate the greatest common divisor of a and q.
33
Let t(o) = -o**3 + 6*o**2 - 6*o + 1. Let x be t(4). Let w(l) = 60*l. Let g be w(x). Calculate the greatest common divisor of 20 and g.
20
Let g(n) = n**2 - 79*n + 353. Let b be g(-90). Calculate the highest common divisor of 197 and b.
197
Suppose -28*d - 30*d - d = -4283046. Calculate the greatest common factor of d and 109.
109
Suppose -65001 = -28*d + 140*d - 251369. Calculate the greatest common factor of 144 and d.
16
Let r = -7127 - -7766. Calculate the greatest common factor of 6 and r.
3
Let u(m) = m**3 - 3*m**2 - 3*m + 2. Let w be u(4). Suppose 6*s - w = 3*s. Let k = -16 - -38. Calculate the greatest common divisor of k and s.
2
Let v(t) = -2*t + 30. Suppose -31 = 5*z - 4*r, -5*z - 41 = -2*r - 8. Let n be v(z). Let s = n - 40. Calculate the highest common factor of 10 and s.
2
Let c be ((-1)/(-3))/(1 + 15/(-18)). Suppose -v = -k + 33, 5*v + c*k + 3 + 134 = 0. Let m = -4 - v. What is the greatest common f